is the highest common divisor of 7 and w?
7
Suppose 0 = l + 4*l - 25. Let o be (-304)/(-10) - 2/l. What is the highest common factor of o and 12?
6
Let g = -44 + 24. Let s = g + 34. Suppose 0 = -3*w + z + 379, 0 = 4*w - z + 5*z - 500. What is the highest common divisor of w and s?
14
Let r be ((93 - 3)/(-3))/(-1). Let t = 52 - r. What is the greatest common divisor of t and 88?
22
Let i(f) = 10*f**2 + f - 5. Let r be i(3). Calculate the highest common factor of 8 and r.
8
Let w be (-2)/(-12) + 335/6. Let b be 44/(-6) - 2/(-6). Let f(j) = -j**2 - 9*j - 7. Let i be f(b). Calculate the highest common divisor of w and i.
7
Let x(o) = -5*o + 104. Let g be x(0). What is the highest common factor of 16 and g?
8
Let c be 1*5 - (-32)/(-8). What is the greatest common factor of c and 2?
1
Suppose 0 = -2*s + 10, -5*s + 13 = 5*m - 112. Let r = m - 10. What is the highest common divisor of 20 and r?
10
Suppose -3*l = -4*t - 6*l + 135, -t + 5*l + 5 = 0. What is the greatest common factor of t and 6?
6
Suppose -s + 6 = d, -4 = -2*d - s + 8. Let f = d + -1. Calculate the highest common divisor of 40 and f.
5
Let o be 2*(-3)/1 + (-13851)/(-81). Suppose 3*v + 21 = 2*n, 3*n + 3*v - 31 - 23 = 0. What is the highest common divisor of o and n?
15
Let f(q) = -q**3 + 2*q**2 + 308. Let c be f(0). What is the highest common divisor of c and 28?
28
Let n be (-9)/(-4)*2*8. Let j = n - 19. Let k(w) = -28*w - 65. Let b be k(-9). Calculate the highest common divisor of j and b.
17
Let m(h) = -2*h + 1. Let w be m(-7). Let n be (-4)/14 - (-214)/14. Calculate the greatest common divisor of n and w.
15
Let o(w) = -w**2 + 10*w + 28. Let d be o(12). What is the highest common divisor of 10 and d?
2
Let b(w) = -w**3 - 15*w**2 + 17*w + 20. Let g be b(-16). What is the greatest common divisor of g and 1?
1
Suppose -5 = 6*a - 7*a. What is the greatest common factor of 25 and a?
5
Let q be 2 - 7/(28/(-32)). Calculate the highest common factor of 70 and q.
10
Let r(h) = -h**2 + 5. Let a be r(0). Suppose 0*f + f + 53 = 4*o, -47 = -4*o - a*f. Let u = -43 - -69. What is the highest common divisor of u and o?
13
Let p = 35 + -49. Let n(r) = 80*r + 8 + r**3 + 12*r**2 + 4*r**2 - 63*r. Let b be n(p). What is the highest common divisor of b and 18?
18
Let s(l) = 20*l + 10. Let b be s(4). What is the greatest common divisor of 18 and b?
18
Let g be (-2 + -4)*(-1)/(-2). Let h = 5 + g. Calculate the highest common divisor of h and 6.
2
Let u = 15 - 5. Suppose 0 = 3*a - 626 - 370. Suppose -a = -5*c + 68. Calculate the highest common factor of c and u.
10
Suppose -i + 52 = 3*i. Calculate the highest common divisor of i and 91.
13
Let n = -17 + 20. Let w be 579/9 - 4/n. Suppose -r + 2*v + 23 = -0*v, 3*r - 61 = -2*v. What is the highest common divisor of r and w?
21
Let m(q) = -q**2 + 12*q - 26. Let v be m(8). Calculate the highest common factor of 2 and v.
2
Let d be -3*((-4)/(-6) + -1). Suppose 4*l - 7 = 5*k, 2*l = -l + 3*k + 6. Calculate the greatest common divisor of d and l.
1
Let a(b) = b**3 + 6*b**2 - 15*b + 18. Let p be a(-8). What is the highest common divisor of p and 5?
5
Let w = -24 - -24. Suppose w*a - 3*i = 2*a - 27, a - 4*i + 14 = 0. What is the greatest common divisor of a and 3?
3
Let g(k) = -k**2 - 7*k + 2. Let b be g(-5). Suppose 0*v + v = 2*p + b, 0 = -5*v - 3*p + 112. Calculate the highest common divisor of v and 30.
10
Suppose 0*g + g = 17. Let y = 185 + -102. Suppose 2*c - 87 = y. What is the highest common divisor of c and g?
17
Let n be 12/(-18) - 19/3. Let o = -6 - n. Calculate the greatest common factor of 5 and o.
1
Suppose -2*v + 680 = 5*k - 7*v, 0 = 5*v. Calculate the greatest common factor of 8 and k.
8
Suppose 0*c - 4*c = 4*w - 512, -3*c + 6 = 0. What is the greatest common factor of w and 18?
18
Suppose 2*a - 101 = -n, -2*a + a = -2*n - 58. What is the highest common factor of a and 13?
13
Let z(q) = q**3 + 4*q**2 + 1. Let i be z(-4). Let s be ((-10)/(-4))/(-6 + 52/8). What is the greatest common factor of i and s?
1
Let m = 11 + 1. Let k be (m/20)/(1/15). Calculate the highest common divisor of k and 9.
9
Suppose 4*s = -2*d + 24, -4*d + 38 + 22 = -4*s. What is the greatest common divisor of d and 98?
14
Let k = -8 - -11. Let l be (-2)/3 + (-55)/k. Let w = 29 + l. What is the greatest common divisor of 90 and w?
10
Suppose -27 = -5*x + 4*x. Let s = x - 18. Calculate the greatest common factor of 63 and s.
9
Suppose -4 + 3 = b, -11 = 4*d + 3*b. Let r be (-6)/d - 1 - 0. Let m = r - -9. Calculate the highest common factor of m and 44.
11
Let o(b) = b**3 + 5*b**2 - b + 7. Let v be o(-5). Let x be -1 + -1 + (-3)/(-3). Let t be -1 + -1 + x + 9. What is the greatest common divisor of t and v?
6
Let x = 11 - 7. Suppose x*w - 120 = 3*w. Suppose -3*h = -8*h + 100. Calculate the greatest common factor of w and h.
20
Let a(t) = 8*t - 2. Let n be a(2). Suppose 3*l - m - 17 = 4, 0 = 3*l + 4*m - 21. Calculate the greatest common divisor of l and n.
7
Suppose -2*w = -4*g - 64, 5*w + 2*g + 2*g = 216. Suppose 5*v = 2*v + 60. What is the greatest common factor of w and v?
20
Let a(g) = 15*g**2 - g. Let l be a(-5). Suppose 4*w + 2*b = 408, -w + 5*b + l = 3*w. Calculate the greatest common divisor of 25 and w.
25
Suppose -4*a + 2*w + 2 = 0, -3*w + 24 = -0*a + 3*a. Let h = -2 + 4. Suppose 3*r - 1 = -l + 3*l, a*l = h*r + 11. What is the highest common factor of l and 28?
7
Let t be (90/8)/((-6)/944). Let l be t/(-21) - (-2)/(-7). Calculate the highest common divisor of 21 and l.
21
Let c(o) = o**2 - 3*o - 6. Let w be c(5). Let l = 12 - 23. Let z = -7 - l. What is the highest common factor of w and z?
4
Let x = 6 + -4. Suppose -g - a + 12 = 0, 2*g - 14 = 2*a - x. Calculate the greatest common divisor of g and 9.
9
Suppose -2*r + 4*r = 54. Let a = -40 - -67. What is the greatest common factor of r and a?
27
Let z = 5 + -4. Let y be z/((-8)/(-7) - 1). Let l = 52 + -17. What is the greatest common factor of l and y?
7
Let a(c) be the second derivative of -13*c**5/20 + c**4/6 + c**3/6 + c. Let v be a(-1). Let r = 26 + v. Calculate the highest common divisor of r and 10.
10
Let d be (-24)/(2 + 10/(-4)). Suppose 16 = z + 4*g, 0 = 4*z - z + 4*g - d. Calculate the highest common factor of z and 64.
16
Suppose 38 - 4 = 2*c. Let h = c - 2. What is the highest common factor of 45 and h?
15
Let f(o) be the second derivative of o**3/6 + o**2 - 4*o. Let w be f(10). Calculate the greatest common factor of w and 8.
4
Let x be 1/3 + 224/(-24). Let b be -6*(12/x)/1. Let l be b/(-2*1/(-20)). What is the greatest common divisor of 10 and l?
10
Suppose -4*k + 8 = -0. Suppose 2 - 7 = s + k*i, 0 = -s + 4*i + 19. Suppose -u = -s*f + 200, -f + 56 + 8 = u. What is the greatest common divisor of 6 and f?
6
Suppose 11*m = 14*m - 192. What is the highest common divisor of 96 and m?
32
Suppose 0 = -3*h + 7 + 8. Let d(n) = n**2 + h + n**2 - 4. Let j be d(-1). Calculate the highest common divisor of j and 12.
3
Let y be (6 - 360/63) + 38/14. Let h(l) = l**3 + 7*l**2 + 5*l - 1. Let i be h(-5). Calculate the greatest common factor of y and i.
3
Let v(z) = z**2 - z - 4. Let c be v(5). Suppose -4*w = -c - 24. Calculate the highest common divisor of w and 5.
5
Let b(u) = u - 3. Let n be b(11). Suppose 0 = 4*d - 12 - n. What is the greatest common divisor of d and 5?
5
Let s = 5 - 2. Calculate the highest common divisor of 21 and s.
3
Suppose -3*r + 395 + 100 = 0. What is the highest common factor of 15 and r?
15
Let f = 25 - -23. Suppose 8*n = 4*n + 60. Suppose 3*p + n = 3*v, -17 = -4*v + 5*p - 0*p. Calculate the greatest common factor of v and f.
8
Let f be (4 - 2) + 0/(-1). Let s be (2 + -3)/(2/74). Let c be 1/f - s/2. Calculate the highest common factor of 152 and c.
19
Let l be 2/((-6)/(-57)) - 5. Calculate the greatest common factor of l and 154.
14
Suppose -100 - 24 = -2*h - 5*l, -2*h - 3*l = -132. Suppose -y - h = -5*y. What is the greatest common divisor of y and 45?
9
Suppose 27 = -v + 2*v. Let n be -12*((-66)/(-24) + -3). What is the highest common divisor of v and n?
3
Let p = -304 - -429. Suppose -4*a + 108 = -4*w, 90 = 5*a + w - 33. Calculate the highest common divisor of a and p.
25
Let j(d) = -d**2 - 10*d - 10. Let x be j(-8). Suppose -x*h = -3*h + 4*m - 62, 0 = 5*m - 25. What is the highest common factor of